hat is the remainder when 105 is divided by a?
6
Suppose -3589 = 12*i - 11737. Calculate the remainder when i is divided by 17.
16
Suppose -3*l + 0*t + 56 = 4*t, -43 = -2*l + 3*t. Let j = l - 5. Suppose -4*z + j = -45. What is the remainder when 44 is divided by z?
14
Let d be (-2)/((-2)/(-1)) - -3. Suppose -2*a = d*a - 24. Suppose -22*o = -100 - 120. Calculate the remainder when o is divided by a.
4
Let s(h) be the first derivative of -h**4/4 - 11*h**3/3 - 9*h**2/2 + 14*h - 253. Let t be 123/(-12) - (-2)/8. Calculate the remainder when 5 is divided by s(t).
1
What is the remainder when 103 is divided by (16/20)/(6/1755*9)?
25
Let y(r) = r**2 - 4*r. Let d be y(5). Suppose -k + d - 2 = 0. What is the remainder when ((-6)/(-4))/(3/14) is divided by k?
1
Suppose -4*l + 2*d - 400 = -3*d, -l = 5*d + 100. Let m = l - -120. What is the remainder when m is divided by 8?
4
Let m(g) = 6*g**3 + 2*g**2 + 3*g - 3. Suppose 112*n = -45*n - 952 + 3464. Calculate the remainder when m(2) is divided by n.
11
Let c = -1305 + 1317. Calculate the remainder when 285 is divided by c.
9
Let n = -13 + 41. What is the remainder when n is divided by 1 + (-2)/3*-24?
11
Let j(c) = -c**2 - 17*c + 8. What is the remainder when j(-5) is divided by 35?
33
Suppose 4*a = 16 + 4. Let o(k) = k**3 + 4*k**2 - 6*k - 7. Let x be o(-5). What is the remainder when 3*a*(-1 - x) is divided by 8?
7
Suppose 6762 = 19*d - 4087. What is the remainder when d is divided by 52?
51
Let l(b) = -3*b**2 - 97*b - 118. What is the remainder when l(-28) is divided by 63?
57
Let c = -8 + 42. Let h = -19 - -24. Suppose -2*z - u = -c - 60, 0 = -h*z + u + 235. Calculate the remainder when z is divided by 16.
15
Suppose 10*t - 197 - 223 = 0. What is the remainder when 163 is divided by t?
37
Let n(d) = -d**3 + 6*d**2 - 5*d + 4. What is the remainder when 3 + 6*(-99)/(-54) is divided by n(5)?
2
Let x = 1785 - 1741. What is the remainder when x is divided by 7?
2
Let r(a) = a**2 - 3*a + 1. Let l be r(4). Suppose -158 = -l*b + 62. Calculate the remainder when b is divided by 4/(-10) + 936/40.
21
Suppose -3*y + 26 = 4*r, -6*y + 5*y = -2. Suppose -3*d + 14 = -4. Calculate the remainder when d*(-8)/(-36)*6 is divided by r.
3
What is the remainder when 319 is divided by 814/(-148)*(-76)/22?
15
Let l = -10 + 18. Suppose 0 = -2*j + n + 9, -4*n = 3*j - 46 + 16. Suppose j*r + 66 = 9*r. What is the remainder when r is divided by l?
6
Suppose -2*s = 3*i - 167, -i + 34 = 6*s - s. What is the remainder when 349 is divided by i?
54
Suppose 3*a = -m + 1, -a + 2*a + 2*m + 8 = 0. Suppose -4*u + g + 40 = 0, 6*u - 3*u + a*g - 19 = 0. What is the remainder when u is divided by 5?
4
Let z(l) = 2*l + 11. Let a be z(-5). Suppose -a = 5*k - 21. Let r(w) = -w**2 - 8*w + 1. Calculate the remainder when r(-4) is divided by k.
1
Suppose 7*i - 2*i + 4*s = 848, -678 = -4*i - 3*s. Calculate the remainder when i is divided by 43.
39
Let o be (-1)/(((-9)/(-4))/(-9)). Suppose -o*a = -0*s + 4*s - 100, 97 = 4*s + a. Calculate the remainder when s is divided by 14.
10
Let t(a) = -9*a - 21. Let s be t(-9). Suppose -5*h + 310 - s = 0. What is the remainder when h is divided by 17?
16
Suppose 5*q + 6*w = w + 815, -323 = -2*q - w. Calculate the remainder when q is divided by 7.
6
Let r be 6*(8 - 2 - 2). Let k = r - 1. Suppose 56*f = 458 - 122. Calculate the remainder when k is divided by f.
5
Let s(d) = d + 19. Let p = 10 - 26. Let i be s(p). Suppose 4*q - 103 = z, 45 = i*q - 3*z - 21. Calculate the remainder when 78 is divided by q.
24
Let m(i) = i**3 + 62*i**2 + 63*i + 140. What is the remainder when 679 is divided by m(-61)?
13
Suppose 3*n - 5*v - 90 = 0, 4*n = n - 2*v + 69. What is the remainder when (490/(-21))/((-1)/3) is divided by n?
20
Let s = 24 - -1. Suppose -16 = t + 3*t, -s = -5*v - 5*t. Calculate the remainder when 15 is divided by v.
6
Suppose 0 = 2*i - 8 - 28. What is the remainder when 231 is divided by i?
15
Let s be (1 - (-340)/12)*3. Let k = -126 + s. Let c = -3 - k. Calculate the remainder when c is divided by 19.
16
Let n = 413 - 150. Suppose 0 = -0*f - 3*f + 4*u + n, -u - 342 = -4*f. Suppose -f = -4*y + 83. What is the remainder when y is divided by 11?
9
Calculate the remainder when 12117/189 - 1/9 is divided by 17.
13
Let h(x) = x + 157. Let d(i) = 30*i + 1330. Calculate the remainder when h(0) is divided by d(-43).
37
Let d be (-3)/1 - (-20)/4. Suppose -5*w + 51 = -d*w. Calculate the remainder when w is divided by 7.
3
Let i = 60 + -8. What is the remainder when i is divided by 5/(-5)*(0/4 + -8)?
4
Suppose 2*l - 25 = -o, -2*l - 4*o - 30 = -4*l. Let q = -24 + 54. What is the remainder when q is divided by l?
4
Suppose 0*b + 4*y + 4 = b, b + 5 = -5*y. Suppose -4*j - s = -2*j - 2075, b = 5*j + 4*s - 5186. What is the remainder when (-4)/20 + j/15 is divided by 24?
21
Let a(v) = -5*v**3 - 2*v**2 + 4*v - 2. Let x be a(3). Let l = x + 313. Suppose -4*q - q + l = 0. Calculate the remainder when q is divided by 18.
16
Let y(n) = -n - 4. Suppose 0 = 2*f + 5 + 7. What is the remainder when y(f) is divided by ((-4)/(-3))/(2/3)?
0
Let d(f) = -f + 8. Suppose -2*w = -w + 5. Calculate the remainder when 23 is divided by d(w).
10
Let a be (0 - (-6)/7)/((-2)/14). What is the remainder when 105 is divided by (-36)/(-2) + (a - -6)*-1?
15
Let t = 203 + 47. What is the remainder when t is divided by 42?
40
Let j = 246 - 240. Calculate the remainder when j is divided by 2.
0
Let o = -25 - -13. Let l = -644 + 667. What is the remainder when ((-8)/o)/((-4)/(-402)) is divided by l?
21
Calculate the remainder when 414*5/((-360)/(-16)) is divided by 28.
8
Let c = -288 + 445. Let s = c - 123. What is the remainder when 133 is divided by s?
31
Suppose -4*i = d + 4*d - 114, 0 = -4*d + 3*i + 85. Suppose -296 = 26*g - 30*g. Let m = g - d. Calculate the remainder when m is divided by 18.
16
Suppose -4*z + 3 = -1, 2*z - 70 = -y. Suppose 11*c = 15*c - y. What is the remainder when 99 is divided by c?
14
Suppose -v = 4*v + 3*y - 578, -229 = -2*v + y. What is the remainder when v is divided by 39?
37
Let g(z) = -z**2 + 14*z - 6. Let y be g(12). Suppose -2*t + 4 + 2 = 0. Calculate the remainder when y/2 + (1/(-1) - -1) is divided by t.
0
Let q = -1325 + 1400. What is the remainder when q is divided by 30?
15
Let f = 91 + -67. Suppose -r + 2*v = -f, 0*r + 4*v = -2*r + 8. Suppose -h - 138 = -3*h. What is the remainder when h is divided by r?
13
Let k be (-30)/(-225) + 10354/(-30). Let j = -525 - k. What is the remainder when j/(-8)*(-8)/(-10) is divided by 10?
8
Let m(f) = 24*f**2 - 2*f + 3. Suppose 4*d - 2*d = 0. Suppose -o - 4*o + 370 = d. What is the remainder when o is divided by m(1)?
24
What is the remainder when 100 is divided by ((-6)/(-10))/(19/665)?
16
Let s(r) = r + 15. What is the remainder when s(-7) is divided by 4/10 - 13/(-5)?
2
Calculate the remainder when (-29 - 1)/((-150)/400) is divided by 25.
5
Calculate the remainder when 130 is divided by (3/2)/((-2535)/286 + 9).
9
Let b be 78/4*(-60)/(-18). Let h = -21 + b. Let t(y) = 3*y - 3. Calculate the remainder when h is divided by t(6).
14
Calculate the remainder when 342 is divided by (96/8 - -4) + 4 + 2.
12
Suppose -13*b - 9*b = -88. Calculate the remainder when ((-33)/15 + 1)/(4/(-60)) is divided by b.
2
Suppose 328*j - 17 = 327*j. Calculate the remainder when 372/(-8)*(-8)/12 is divided by j.
14
Let n(a) be the third derivative of -7*a**4/24 + a**3/6 - a**2. Let b(f) = 3*f**2 + 21*f + 58. What is the remainder when b(-3) is divided by n(-1)?
6
Let d(p) = 102*p + 6. Let f be d(-1). Let o = -66 - f. Calculate the remainder when 118 is divided by o.
28
Suppose -52*j + 495 = -37*j. What is the remainder when 128 is divided by j?
29
Let v = -21 - -45. Let t = 50 - v. Suppose 20 - t = -p. What is the remainder when p is divided by 3?
0
Let g = 57 - -2. Calculate the remainder when g is divided by 13.
7
Let c = 83 + -45. Suppose -v - c = -2*w - 6*v, -2*w - v = -38. What is the remainder when 149 is divided by w?
16
Suppose 6*u - 78 = -0*u. Calculate the remainder when 41 is divided by u.
2
Let x = -32 - -35. Suppose n - 7 = -u + 11, -x*u + 5*n + 30 = 0. Calculate the remainder when u is divided by 4.
3
Suppose 1717*k - 1715*k = 254. What is the remainder when k is divided by 34?
25
Let d = 1053 + 